{"version":"1.0","provider_name":"Immo Pro - L'Agence d'Occitanie","provider_url":"https:\/\/immopro.fr\/en\/","author_name":"Agence_IMMO_PRO_Samatan","author_url":"https:\/\/immopro.fr\/en\/author\/agence_immo_pro_samatan\/","title":"Samatan Bel environnement - Maison de campagne &amp; D\u00e9pendances - Immo Pro - L'Agence d'Occitanie","type":"rich","width":600,"height":338,"html":"<blockquote class=\"wp-embedded-content\" data-secret=\"aytS5wiu3I\"><a href=\"https:\/\/immopro.fr\/en\/propertie\/samatan-bel-environnement-maison-de-campagne-dependances\/\">Samatan  Bel environnement &#8211; Maison de campagne &amp; D\u00e9pendances<\/a><\/blockquote><iframe sandbox=\"allow-scripts\" security=\"restricted\" src=\"https:\/\/immopro.fr\/en\/propertie\/samatan-bel-environnement-maison-de-campagne-dependances\/embed\/#?secret=aytS5wiu3I\" width=\"600\" height=\"338\" title=\"&#8220;Samatan  Bel environnement &#8211; Maison de campagne &amp; D\u00e9pendances&#8221; &#8212; Immo Pro - L&#039;Agence d&#039;Occitanie\" data-secret=\"aytS5wiu3I\" frameborder=\"0\" marginwidth=\"0\" marginheight=\"0\" scrolling=\"no\" class=\"wp-embedded-content\"><\/iframe><script type=\"text\/javascript\">\n\/* <![CDATA[ *\/\n\/*! This file is auto-generated *\/\n!function(d,l){\"use strict\";l.querySelector&&d.addEventListener&&\"undefined\"!=typeof URL&&(d.wp=d.wp||{},d.wp.receiveEmbedMessage||(d.wp.receiveEmbedMessage=function(e){var t=e.data;if((t||t.secret||t.message||t.value)&&!\/[^a-zA-Z0-9]\/.test(t.secret)){for(var s,r,n,a=l.querySelectorAll('iframe[data-secret=\"'+t.secret+'\"]'),o=l.querySelectorAll('blockquote[data-secret=\"'+t.secret+'\"]'),c=new RegExp(\"^https?:$\",\"i\"),i=0;i<o.length;i++)o[i].style.display=\"none\";for(i=0;i<a.length;i++)s=a[i],e.source===s.contentWindow&&(s.removeAttribute(\"style\"),\"height\"===t.message?(1e3<(r=parseInt(t.value,10))?r=1e3:~~r<200&&(r=200),s.height=r):\"link\"===t.message&&(r=new URL(s.getAttribute(\"src\")),n=new URL(t.value),c.test(n.protocol))&&n.host===r.host&&l.activeElement===s&&(d.top.location.href=t.value))}},d.addEventListener(\"message\",d.wp.receiveEmbedMessage,!1),l.addEventListener(\"DOMContentLoaded\",function(){for(var e,t,s=l.querySelectorAll(\"iframe.wp-embedded-content\"),r=0;r<s.length;r++)(t=(e=s[r]).getAttribute(\"data-secret\"))||(t=Math.random().toString(36).substring(2,12),e.src+=\"#?secret=\"+t,e.setAttribute(\"data-secret\",t)),e.contentWindow.postMessage({message:\"ready\",secret:t},\"*\")},!1)))}(window,document);\n\/\/# sourceURL=https:\/\/immopro.fr\/wp-includes\/js\/wp-embed.min.js\n\/* ]]> *\/\n<\/script>\n","thumbnail_url":"https:\/\/immopro.fr\/wp-content\/uploads\/2022\/04\/ImmoproWeb_paysage_2V5A4308-1024x683.jpg","thumbnail_width":1024,"thumbnail_height":683,"description":"Dans la campagne Gersoise, cette maison sur un terrain de plus de 8.000m\u00b2 saura vous s\u00e9duire par son potentiel, son environnement et ses b\u00e2timents. Maison de 95m\u00b2 habitables avec entr\u00e9e, cuisine ouverte sur le s\u00e9jour et sa chemin\u00e9e, deux chambres, salle d&#8217;eau et toilettes. Un chai de 17m\u00b2 peut \u00eatre transform\u00e9 en troisi\u00e8me chambre. Une [&hellip;]"}

Samatan Bel environnement - Maison de campagne &amp; Dépendances - Immo Pro - L'Agence d'Occitanie

<blockquote class="wp-embedded-content" data-secret="aytS5wiu3I"><a href="https://immopro.fr/en/propertie/samatan-bel-environnement-maison-de-campagne-dependances/">Samatan  Bel environnement &#8211; Maison de campagne &amp; Dépendances</a></blockquote><iframe sandbox="allow-scripts" security="restricted" src="https://immopro.fr/en/propertie/samatan-bel-environnement-maison-de-campagne-dependances/embed/#?secret=aytS5wiu3I" width="600" height="338" title="&#8220;Samatan  Bel environnement &#8211; Maison de campagne &amp; Dépendances&#8221; &#8212; Immo Pro - L&#039;Agence d&#039;Occitanie" data-secret="aytS5wiu3I" frameborder="0" marginwidth="0" marginheight="0" scrolling="no" class="wp-embedded-content"></iframe><script type="text/javascript">
/* <![CDATA[ */
/*! This file is auto-generated */
!function(d,l){"use strict";l.querySelector&&d.addEventListener&&"undefined"!=typeof URL&&(d.wp=d.wp||{},d.wp.receiveEmbedMessage||(d.wp.receiveEmbedMessage=function(e){var t=e.data;if((t||t.secret||t.message||t.value)&&!/[^a-zA-Z0-9]/.test(t.secret)){for(var s,r,n,a=l.querySelectorAll('iframe[data-secret="'+t.secret+'"]'),o=l.querySelectorAll('blockquote[data-secret="'+t.secret+'"]'),c=new RegExp("^https?:$","i"),i=0;i<o.length;i++)o[i].style.display="none";for(i=0;i<a.length;i++)s=a[i],e.source===s.contentWindow&&(s.removeAttribute("style"),"height"===t.message?(1e3<(r=parseInt(t.value,10))?r=1e3:~~r<200&&(r=200),s.height=r):"link"===t.message&&(r=new URL(s.getAttribute("src")),n=new URL(t.value),c.test(n.protocol))&&n.host===r.host&&l.activeElement===s&&(d.top.location.href=t.value))}},d.addEventListener("message",d.wp.receiveEmbedMessage,!1),l.addEventListener("DOMContentLoaded",function(){for(var e,t,s=l.querySelectorAll("iframe.wp-embedded-content"),r=0;r<s.length;r++)(t=(e=s[r]).getAttribute("data-secret"))||(t=Math.random().toString(36).substring(2,12),e.src+="#?secret="+t,e.setAttribute("data-secret",t)),e.contentWindow.postMessage({message:"ready",secret:t},"*")},!1)))}(window,document);
//# sourceURL=https://immopro.fr/wp-includes/js/wp-embed.min.js
/* ]]> */
</script>

Dans la campagne Gersoise, cette maison sur un terrain de plus de 8.000m² saura vous séduire par son potentiel, son environnement et ses bâtiments. Maison de 95m² habitables avec entrée, cuisine ouverte sur le séjour et sa cheminée, deux chambres, salle d&#8217;eau et toilettes. Un chai de 17m² peut être transformé en troisième chambre. Une [&hellip;]
